(i) = 170*i + 505. Calculate s(-3).
-5
Let b(q) = -q**2 - 46*q - 93. Give b(-21).
432
Let f(c) = -94*c - 580. What is f(-6)?
-16
Let g(h) = -2*h**2 - 97*h - 234. Give g(-46).
-4
Let c(l) = -2*l**2 - 32*l + 143. Calculate c(9).
-307
Let a(y) = 162*y + 1084. Give a(-6).
112
Let g(q) = -21*q + 39. What is g(6)?
-87
Let x(p) = -3*p**2 - 13*p + 3. What is x(-10)?
-167
Let s(j) = 396*j - 380. Determine s(1).
16
Let m(n) = -52*n - 356. Give m(-7).
8
Let b(f) = -f**3 - 10*f**2 + 47*f + 7. What is b(-12)?
-269
Let i(a) = -24*a**2 - 6*a + 16. Determine i(3).
-218
Let f(n) = 6*n**3 + 4*n**2 + 3*n + 16. What is f(4)?
476
Let p(t) = 3*t**3 - t**2 - 26*t - 25. Calculate p(-1).
-3
Let f(n) = 2541*n + 2546. Give f(-1).
5
Let t(m) = -268*m - 5351. What is t(-20)?
9
Let k(l) = 131*l - 437. What is k(4)?
87
Let l(f) = -202*f + 90. Give l(2).
-314
Let n(t) = 2*t**3 + 89*t**2 + 51*t + 238. Give n(-44).
-70
Let v(q) = q**3 - 15*q**2 + 45*q + 6. What is v(9)?
-75
Let l(n) = 15*n**2 + 19*n - 114. Determine l(2).
-16
Let i(u) = u**3 - 87*u**2 - 1647*u - 22. What is i(103)?
81
Let m(a) = 235*a**3 + 5*a**2 - 30*a + 26. What is m(1)?
236
Let s(w) = -317*w - 166. What is s(-3)?
785
Let w(g) = -2*g**3 - 99*g**2 - 67*g - 861. Calculate w(-49).
21
Let g(h) = 3061*h + 21443. Determine g(-7).
16
Let p(f) = 194*f - 582. What is p(3)?
0
Let d(f) = 33*f - 131. Give d(4).
1
Let b(q) = -75*q**3 + 2*q**2 - 11*q + 10. What is b(1)?
-74
Let u(s) = 8*s**3 - 2*s**2 - 216*s - 39. Give u(-5).
-9
Let s(l) = -16*l**2 + 479*l + 31. Calculate s(30).
1
Let l(x) = 160*x**3 - 3*x + 4. Determine l(2).
1278
Let g(y) = y**3 - 26*y**2 + 46*y - 68. Give g(24).
-116
Let n(b) = b**3 - 27*b**2 + 165*b - 56. What is n(18)?
-2
Let t(u) = 39*u - 329. Calculate t(-8).
-641
Let r(g) = g**2 + 13*g + 25. Give r(-8).
-15
Let t(u) = 103*u - 1208. Determine t(11).
-75
Let z(b) = -559*b + 2368. What is z(4)?
132
Let s(y) = -y**2 - 4*y + 105. Give s(-9).
60
Let d(v) = -v**2 + 8*v + 254. Calculate d(21).
-19
Let b(f) = -3*f**3 + 20*f**2 + 4*f + 4. Calculate b(7).
-17
Let v(i) = 158*i + 1187. Give v(-7).
81
Let o(q) = 5*q**2 - 44*q + 54. Calculate o(7).
-9
Let j(a) = a**2 + 77*a + 1355. Determine j(-49).
-17
Let f(s) = 156*s - 215. Determine f(3).
253
Let o(i) = i**3 + 223*i**2 - 1139*i + 230. Calculate o(-228).
2
Let d(y) = 2*y**3 + y**2 - y + 5. Determine d(2).
23
Let b(c) = -c**3 - 25*c**2 + 155*c + 203. Give b(-30).
53
Let y(d) = 632*d - 6968. What is y(11)?
-16
Let i(y) = 52*y - 441. What is i(7)?
-77
Let n(d) = 34*d**2 + 545*d + 13. Calculate n(-16).
-3
Let s(f) = 35*f + 1956. Give s(-48).
276
Let x(l) = 5*l**3 - 25*l**2 + l - 5. What is x(5)?
0
Let d(h) = 126*h - 1714. Calculate d(14).
50
Let n(i) = 10*i**3 + 3*i**2 + i - 51. Determine n(-4).
-647
Let b(k) = -10*k**2 + 60*k - 85. Calculate b(3).
5
Let t(k) = 50*k - 847. What is t(14)?
-147
Let x(c) = 869*c - 2635. Calculate x(3).
-28
Let g(j) = j**3 - 27*j**2 - 222*j + 4. Give g(-6).
148
Let n(q) = q**3 + 2*q**2 + 8*q + 25. Calculate n(-6).
-167
Let t(y) = -6*y**2 + 146*y + 66. What is t(25)?
-34
Let x(t) = -20*t**2 - 359*t + 2. Calculate x(-18).
-16
Let j(r) = 21*r + 297. Determine j(-7).
150
Let o(f) = 44*f + 2115. What is o(-48)?
3
Let c(o) = -40*o**3 - 17*o**2 + 28*o + 4. Give c(2).
-328
Let i(l) = -l**3 + 38*l**2 - 61*l - 222. Determine i(36).
174
Let h(t) = t**3 + 106*t**2 + 580*t - 1997. Calculate h(-100).
3
Let m(w) = -w**3 - 22*w**2 - 14*w + 229. Give m(-21).
82
Let g(s) = -s**2 + 106*s + 2844. Give g(128).
28
Let m(w) = -w**3 + 12*w**2 - 30*w - 1. Give m(9).
-28
Let c(u) = 56*u + 296. Give c(6).
632
Let w(c) = -3*c**2 - 95*c - 454. What is w(-27)?
-76
Let f(p) = -33*p**3 + 14*p**2 - 25*p + 10. Calculate f(3).
-830
Let l(t) = -190*t**2 + 8*t - 8. Determine l(1).
-190
Let n(x) = x**3 + 137*x**2 - 272*x + 824. Give n(-139).
-10
Let n(z) = z**2 + 6*z - 25. Calculate n(-7).
-18
Let y(z) = -z**2 - 9*z + 281. Calculate y(13).
-5
Let q(r) = r**3 + 36*r**2 - 112*r - 1311. Give q(-38).
57
Let y(c) = 101*c - 11425. Determine y(112).
-113
Let o(u) = 124*u**3 + u**2 + 13*u - 15. Calculate o(1).
123
Let x(d) = -3*d**2 + 6*d + 682. Give x(16).
10
Let c(s) = -s**3 - 46*s**2 - 242*s - 93. Calculate c(-40).
-13
Let f(j) = 2*j**2 + 142*j - 727. What is f(5)?
33
Let q(z) = z**3 - 17*z**2 - 1566*z - 113. Give q(49).
-15
Let i(z) = 11*z**2 - 219*z + 196. Determine i(19).
6
Let g(j) = -j**2 + 74*j - 938. Calculate g(56).
70
Let x(h) = h**2 - 213*h - 1311. Determine x(-6).
3
Let j(t) = 3*t**3 - 98*t**2 + 161*t - 33. Give j(31).
153
Let w(c) = 45*c + 6540. Give w(-145).
15
Let v(b) = -b**3 - 8*b**2 - 16*b - 30. Give v(-5).
-25
Let k(b) = 40*b**2 + 181*b + 43. What is k(-4)?
-41
Let y(g) = -8*g**2 + 175*g + 357. Give y(-2).
-25
Let l(h) = -h**2 - 67*h - 415. Calculate l(-58).
107
Let o(c) = 79*c + 6870. Calculate o(-87).
-3
Let p(y) = -122*y**2 - 713*y + 106. What is p(-6)?
-8
Let p(w) = -2*w**3 - 26*w**2 - 34*w - 6. Calculate p(-1).
4
Let i(l) = -l**2 - 124*l - 3261. What is i(-38)?
7
Let j(m) = -6*m**2 + 41*m - 127. What is j(7)?
-134
Let m(o) = 7*o**2 - 20*o - 62. Give m(-2).
6
Let g(o) = 86*o + 811. Determine g(-15).
-479
Let c(h) = -2*h**2 + 71*h - 479. Give c(9).
-2
Let o(r) = -r**2 + 17*r + 52. What is o(16)?
68
Let q(c) = c**3 - 62*c**2 - 55*c - 512. Give q(63).
-8
Let f(s) = -s**3 + 9*s**2 + 30. Calculate f(7).
128
Let w(l) = -1442*l + 1426. Determine w(1).
-16
Let r(c) = -30*c**2 - 36*c + 4. Calculate r(2).
-188
Let n(z) = -4*z**2 + 140*z - 114. Determine n(34).
22
Let h(d) = -d**3 - 3*d**2 + 8*d + 9. Determine h(-3).
-15
Let m(f) = 2*f**3 + 54*f**2 + 302*f - 29. Determine m(-19).
9
Let p(s) = -65*s**2 - 579*s + 2. Determine p(-9).
-52
Let y(u) = 18*u**2 - 19*u - 6. Give y(3).
99
Let j(o) = -34*o**2 - 1597*o + 51. Determine j(-47).
4
Let g(q) = -12*q**3 - 695*q**2 + 59*q + 71. Calculate g(-58).
13
Let j(b) = -65*b**2 + 1049*b - 134. What is j(16)?
10
Let t(d) = -d**3 + 11*d**2 + 437*d + 83. Calculate t(-16).
3
Let u(w) = -25*w**3 - 56*w**2 - 103*w + 1. Give u(-2).
183
Let m(x) = -2*x**2 - 367*x - 3788. Determine m(-11).
7
Let f(v) = 519*v - 3626. Determine f(7).
7
Let s(y) = 2790*y - 11164. Give s(4).
-4
Let j(q) = 11*q - 145. Determine j(10).
-35
Let u(v) = -v**3 + 17*v**2 - 39*v + 14. What is u(15)?
-121
Let r(k) = -k**2 - 111*k - 2664. Calculate r(-76).
-4
Let f(t) = 149*t**2 + 1343*t + 7. What is f(-9)?
-11
Let n(h) = -33*h - 1151. Determine n(-35).
4
Let u(g) = 4*g**2 + 101*g - 45. Calculate u(-25).
-70
Let y(x) = 5*x**2 + 146*x + 277. Calculate y(-27).
-20
Let q(o) = 2*o**3 - 22*o**2 + 11*o + 59. Give q(10).
-31
Let o(g) = g**3 + 4*g**2 - 10*g - 35. Give o(-4).
5
Let j(g) = 28*g**2 + 99*g - 294. Give j(3).
255
Let z(l) = l**2 - 121*l + 3723. What is z(48)?
219
Let t(m) = 32*m - 780. Give t(23).
-44
Let m(t) = -t**2 - 509*t - 3012. Give m(-6).
6
Let o(t) = -32*t - 426. Calculate o(-10).
-106
Let x(w) = w**3 - 30*w**2 - 64*w - 45. Give x(32).
-45
Let g(s) = 716*s + 714. Determine g(-1).
-2
Let g(x) = 13*x**2 + 385*x - 389. What is g(1)?
9
Let k(c) = c**2 + 10*c - 537. What is k(-24)?
-201
Let y(q) = -7*q**2 + 780*q + 2402. Give y(-3).
-1
Let n(s) = -6*s**2 - 41*s - 3. Give n(-7).
-10
Let i(o) = 616*o - 2467. Give i(4).
-3
Let t(p) = -206*p**2 - 103*p + 103. Give t(1).
-206
Let a(l) = l**3 - 12*l**2 + 13*l + 73. What is a(10)?
3
Let c(o) = 2*o**2 - 75*o - 4661. Determine c(-33).
-8
Let u(k) = k**2 - 57*k - 901. Determine u(-13).
9
Let c(u) = -51*u + 3567. Determine c(70).
-3
Let a(w) = 30*w - 1357. What is a(45)?
-7
Let q(l) = -l**3 + 16*l**2 - 47*l - 6. Give q(5).
34
Let p(q) = 2614*q - 13071. Give p(5).
-1
Let y(l) = -4*l**3 + 3*l**2 + 15*l + 37. What is y(-3)?
127
Let r(f) = 4*f**2 - 85*f - 1419. Give r(-11).
0
Let p(c) = -18*c**3 - c**2 - c + 25. Calculate p(0).
25
Let x(i) = 2*i**3 - 18*i**2 + 4*i + 3. Give x(7).
-165
Let j(x) = 12*x + 385. What is j(-32)?
1
Let n(i) = -18*i**2 + 5*i + 4. Determine n(-4).
-304
Let d(x) = 5*x**2 - 32*x + 32. Determine d(6).
20
Let c(v) = -v**3 + 36*v**2 - 39*v + 40. Give c(35).
-100
Let i(v) = v**3 + 19*v**2 - 1996*v - 872. Determine i(-55).
8
Let u(t) = 4*t**2 + 6*t - 3. Calculate u(0).
-3
Let g(f) = -2*f**3 - 348*f**2 - 350*f - 686. Give g(-173).
6
Let i(n) = -13*n - 273. Determine i(-20).
-13
Let w(l) = -19*l - 329. W